[INFO] fetching crate cw-orch 0.12.0...
[INFO] checking cw-orch-0.12.0 against master#e6e4f7ed1589e03bc2f6c5931c1a72e7947e8682 for beta-170-4
[INFO] extracting crate cw-orch 0.12.0 into /workspace/builds/worker-4-tc2/source
[INFO] validating manifest of crates.io crate cw-orch 0.12.0 on toolchain e6e4f7ed1589e03bc2f6c5931c1a72e7947e8682
[INFO] running `Command { std: CARGO_HOME="/workspace/cargo-home" RUSTUP_HOME="/workspace/rustup-home" "/workspace/cargo-home/bin/cargo" "+e6e4f7ed1589e03bc2f6c5931c1a72e7947e8682" "metadata" "--manifest-path" "Cargo.toml" "--no-deps", kill_on_drop: false }`
[INFO] started tweaking crates.io crate cw-orch 0.12.0
[INFO] removed 0 missing examples
[INFO] finished tweaking crates.io crate cw-orch 0.12.0
[INFO] tweaked toml for crates.io crate cw-orch 0.12.0 written to /workspace/builds/worker-4-tc2/source/Cargo.toml
[INFO] crate crates.io crate cw-orch 0.12.0 already has a lockfile, it will not be regenerated
[INFO] running `Command { std: CARGO_HOME="/workspace/cargo-home" RUSTUP_HOME="/workspace/rustup-home" "/workspace/cargo-home/bin/cargo" "+e6e4f7ed1589e03bc2f6c5931c1a72e7947e8682" "fetch" "--manifest-path" "Cargo.toml", kill_on_drop: false }`
[INFO] [stderr]     Blocking waiting for file lock on package cache
[INFO] running `Command { std: "docker" "create" "-v" "/var/lib/crater-agent-workspace/builds/worker-4-tc2/target:/opt/rustwide/target:rw,Z" "-v" "/var/lib/crater-agent-workspace/builds/worker-4-tc2/source:/opt/rustwide/workdir:ro,Z" "-v" "/var/lib/crater-agent-workspace/cargo-home:/opt/rustwide/cargo-home:ro,Z" "-v" "/var/lib/crater-agent-workspace/rustup-home:/opt/rustwide/rustup-home:ro,Z" "-e" "SOURCE_DIR=/opt/rustwide/workdir" "-e" "CARGO_TARGET_DIR=/opt/rustwide/target" "-e" "CARGO_HOME=/opt/rustwide/cargo-home" "-e" "RUSTUP_HOME=/opt/rustwide/rustup-home" "-w" "/opt/rustwide/workdir" "-m" "1610612736" "--user" "0:0" "--network" "none" "ghcr.io/rust-lang/crates-build-env/linux@sha256:19e73879b68f455e41552ea35293514db52ea292d993f571636dbffedb77a1ee" "/opt/rustwide/cargo-home/bin/cargo" "+e6e4f7ed1589e03bc2f6c5931c1a72e7947e8682" "metadata" "--no-deps" "--format-version=1", kill_on_drop: false }`
[INFO] [stdout] 3d62dd417483a5e8475d81646c119f64f69e0ca5ac6cad86bddb591096f98ccf
[INFO] running `Command { std: "docker" "start" "-a" "3d62dd417483a5e8475d81646c119f64f69e0ca5ac6cad86bddb591096f98ccf", kill_on_drop: false }`
[INFO] running `Command { std: "docker" "inspect" "3d62dd417483a5e8475d81646c119f64f69e0ca5ac6cad86bddb591096f98ccf", kill_on_drop: false }`
[INFO] running `Command { std: "docker" "rm" "-f" "3d62dd417483a5e8475d81646c119f64f69e0ca5ac6cad86bddb591096f98ccf", kill_on_drop: false }`
[INFO] [stdout] 3d62dd417483a5e8475d81646c119f64f69e0ca5ac6cad86bddb591096f98ccf
[INFO] running `Command { std: "docker" "create" "-v" "/var/lib/crater-agent-workspace/builds/worker-4-tc2/target:/opt/rustwide/target:rw,Z" "-v" "/var/lib/crater-agent-workspace/builds/worker-4-tc2/source:/opt/rustwide/workdir:ro,Z" "-v" "/var/lib/crater-agent-workspace/cargo-home:/opt/rustwide/cargo-home:ro,Z" "-v" "/var/lib/crater-agent-workspace/rustup-home:/opt/rustwide/rustup-home:ro,Z" "-e" "SOURCE_DIR=/opt/rustwide/workdir" "-e" "CARGO_TARGET_DIR=/opt/rustwide/target" "-e" "CARGO_INCREMENTAL=0" "-e" "RUST_BACKTRACE=full" "-e" "RUSTFLAGS=--cap-lints=forbid" "-e" "RUSTDOCFLAGS=--cap-lints=forbid" "-e" "CARGO_HOME=/opt/rustwide/cargo-home" "-e" "RUSTUP_HOME=/opt/rustwide/rustup-home" "-w" "/opt/rustwide/workdir" "-m" "1610612736" "--user" "0:0" "--network" "none" "ghcr.io/rust-lang/crates-build-env/linux@sha256:19e73879b68f455e41552ea35293514db52ea292d993f571636dbffedb77a1ee" "/opt/rustwide/cargo-home/bin/cargo" "+e6e4f7ed1589e03bc2f6c5931c1a72e7947e8682" "check" "--frozen" "--all" "--all-targets" "--message-format=json", kill_on_drop: false }`
[INFO] [stdout] da7af4ebca4200649496abf5eddb8db21569bbf63d313fec624775d854ce9bea
[INFO] running `Command { std: "docker" "start" "-a" "da7af4ebca4200649496abf5eddb8db21569bbf63d313fec624775d854ce9bea", kill_on_drop: false }`
[INFO] [stderr]    Compiling proc-macro2 v1.0.58
[INFO] [stderr]    Compiling quote v1.0.27
[INFO] [stderr]    Compiling syn v1.0.109
[INFO] [stderr]     Checking zeroize v1.6.0
[INFO] [stderr]    Compiling serde v1.0.163
[INFO] [stderr]     Checking base64ct v1.6.0
[INFO] [stderr]    Compiling ahash v0.7.6
[INFO] [stderr]     Checking base16ct v0.1.1
[INFO] [stderr]     Checking byteorder v1.4.3
[INFO] [stderr]    Compiling num-traits v0.2.15
[INFO] [stderr]    Compiling schemars v0.8.12
[INFO] [stderr]     Checking crypto-common v0.1.6
[INFO] [stderr]     Checking digest v0.9.0
[INFO] [stderr]     Checking block-buffer v0.9.0
[INFO] [stderr]     Checking ff v0.12.1
[INFO] [stderr]    Compiling crunchy v0.2.2
[INFO] [stderr]     Checking digest v0.10.7
[INFO] [stderr]     Checking rand_core v0.5.1
[INFO] [stderr]     Checking group v0.12.1
[INFO] [stderr]     Checking sha2 v0.9.9
[INFO] [stderr]     Checking dyn-clone v1.0.11
[INFO] [stderr]     Checking der v0.6.1
[INFO] [stderr]     Checking crypto-bigint v0.4.9
[INFO] [stderr]    Compiling anyhow v1.0.71
[INFO] [stderr]    Compiling futures-task v0.3.28
[INFO] [stderr]    Compiling futures-channel v0.3.28
[INFO] [stderr]     Checking hmac v0.12.1
[INFO] [stderr]     Checking sha2 v0.10.6
[INFO] [stderr]     Checking signature v1.6.4
[INFO] [stderr]     Checking curve25519-dalek v3.2.0
[INFO] [stderr]     Checking forward_ref v1.0.0
[INFO] [stderr]    Compiling num-bigint v0.4.3
[INFO] [stderr]    Compiling either v1.8.1
[INFO] [stderr]    Compiling io-lifetimes v1.0.10
[INFO] [stderr]     Checking hashbrown v0.12.3
[INFO] [stderr]    Compiling semver v1.0.17
[INFO] [stderr]     Checking futures-sink v0.3.28
[INFO] [stderr]     Checking uint v0.9.5
[INFO] [stderr]    Compiling futures-util v0.3.28
[INFO] [stderr]    Compiling tokio v1.28.1
[INFO] [stderr]    Compiling itertools v0.10.5
[INFO] [stderr]    Compiling num-rational v0.4.1
[INFO] [stderr]    Compiling num-iter v0.1.43
[INFO] [stderr]     Checking bytes v1.4.0
[INFO] [stderr]     Checking futures-io v0.3.28
[INFO] [stderr]     Checking rfc6979 v0.3.1
[INFO] [stderr]    Compiling log v0.4.17
[INFO] [stderr]    Compiling convert_case v0.6.0
[INFO] [stderr]     Checking spki v0.6.0
[INFO] [stderr]     Checking parking_lot_core v0.9.7
[INFO] [stderr]     Checking pkcs8 v0.9.0
[INFO] [stderr]     Checking rustix v0.37.19
[INFO] [stderr]     Checking regex-syntax v0.7.1
[INFO] [stderr]    Compiling syn v2.0.16
[INFO] [stderr]     Checking sec1 v0.3.0
[INFO] [stderr]     Checking parking_lot v0.12.1
[INFO] [stderr]     Checking dashmap v5.4.0
[INFO] [stderr]     Checking sha256 v1.1.3
[INFO] [stderr]     Checking elliptic-curve v0.12.3
[INFO] [stderr]     Checking os_pipe v1.1.4
[INFO] [stderr]     Checking shared_child v1.0.0
[INFO] [stderr]     Checking uid v0.1.7
[INFO] [stderr]     Checking num-integer v0.1.45
[INFO] [stderr]     Checking num-complex v0.4.3
[INFO] [stderr]     Checking duct v0.13.6
[INFO] [stderr]     Checking ecdsa v0.14.8
[INFO] [stderr]     Checking k256 v0.11.6
[INFO] [stderr]     Checking regex v1.8.1
[INFO] [stderr]     Checking is-terminal v0.4.7
[INFO] [stderr]     Checking tokio-stream v0.1.14
[INFO] [stderr]     Checking env_logger v0.10.0
[INFO] [stderr]     Checking num v0.4.0
[INFO] [stderr]     Checking speculoos v0.11.0
[INFO] [stderr]     Checking futures-executor v0.3.28
[INFO] [stderr]     Checking futures v0.3.28
[INFO] [stderr]    Compiling serde_derive v1.0.163
[INFO] [stderr]    Compiling thiserror-impl v1.0.40
[INFO] [stderr]    Compiling async-stream-impl v0.3.5
[INFO] [stderr]    Compiling serial_test_derive v2.0.0
[INFO] [stderr]    Compiling ctor v0.2.0
[INFO] [stderr]    Compiling serde_derive_internals v0.26.0
[INFO] [stderr]     Checking serial_test v2.0.0
[INFO] [stderr]     Checking async-stream v0.3.5
[INFO] [stderr]     Checking tokio-test v0.4.2
[INFO] [stderr]     Checking thiserror v1.0.40
[INFO] [stderr]    Compiling schemars_derive v0.8.12
[INFO] [stderr]    Compiling cosmwasm-derive v1.2.5
[INFO] [stderr]    Compiling derivative v2.2.0
[INFO] [stderr]    Compiling cosmwasm-schema-derive v1.2.5
[INFO] [stderr]    Compiling prost-derive v0.9.0
[INFO] [stderr]    Compiling cw-orch-fns-derive v0.12.0
[INFO] [stderr]    Compiling cw-orch-contract-derive v0.12.0
[INFO] [stderr]     Checking prost v0.9.0
[INFO] [stderr]     Checking serde_json v1.0.96
[INFO] [stderr]     Checking ed25519-zebra v3.1.0
[INFO] [stderr]     Checking serde-json-wasm v0.5.1
[INFO] [stderr]     Checking cosmwasm-crypto v1.2.5
[INFO] [stderr]     Checking cosmwasm-std v1.2.5
[INFO] [stderr]     Checking cosmwasm-schema v1.2.5
[INFO] [stderr]     Checking cw-storage-plus v1.0.1
[INFO] [stderr]     Checking cw2 v1.0.1
[INFO] [stderr]     Checking cw-utils v1.0.1
[INFO] [stderr]     Checking cw-multi-test v0.16.4
[INFO] [stderr]     Checking cw-orch v0.12.0 (/opt/rustwide/workdir)
[INFO] [stdout] error[E0433]: failed to resolve: use of undeclared crate or module `cw20`
[INFO] [stdout]    --> src/mock/core.rs:369:13
[INFO] [stdout]     |
[INFO] [stdout] 369 |             cw20::Cw20ExecuteMsg::Mint { recipient, amount } => Ok(Response::default()
[INFO] [stdout]     |             ^^^^ use of undeclared crate or module `cw20`
[INFO] [stdout] 
[INFO] [stdout] 
[INFO] [stdout] error[E0433]: failed to resolve: use of undeclared crate or module `cw20_base`
[INFO] [stdout]    --> src/mock/core.rs:377:43
[INFO] [stdout]     |
[INFO] [stdout] 377 |     fn query(_deps: Deps, _env: Env, msg: cw20_base::msg::QueryMsg) -> StdResult<Binary> {
[INFO] [stdout]     |                                           ^^^^^^^^^ use of undeclared crate or module `cw20_base`
[INFO] [stdout] 
[INFO] [stdout] 
[INFO] [stdout] error[E0433]: failed to resolve: use of undeclared crate or module `cw20_base`
[INFO] [stdout]    --> src/mock/core.rs:379:13
[INFO] [stdout]     |
[INFO] [stdout] 379 |             cw20_base::msg::QueryMsg::Balance { address } => Ok(to_binary::<Response>(
[INFO] [stdout]     |             ^^^^^^^^^ use of undeclared crate or module `cw20_base`
[INFO] [stdout] 
[INFO] [stdout] 
[INFO] [stdout] error[E0433]: failed to resolve: use of undeclared crate or module `cw20_base`
[INFO] [stdout]    --> src/mock/core.rs:412:43
[INFO] [stdout]     |
[INFO] [stdout] 412 |             ContractWrapper::new(execute, cw20_base::contract::instantiate, query)
[INFO] [stdout]     |                                           ^^^^^^^^^ use of undeclared crate or module `cw20_base`
[INFO] [stdout] 
[INFO] [stdout] 
[INFO] [stdout] error[E0433]: failed to resolve: use of undeclared crate or module `cw20_base`
[INFO] [stdout]    --> src/mock/core.rs:413:31
[INFO] [stdout]     |
[INFO] [stdout] 413 |                 .with_migrate(cw20_base::contract::migrate),
[INFO] [stdout]     |                               ^^^^^^^^^ use of undeclared crate or module `cw20_base`
[INFO] [stdout] 
[INFO] [stdout] 
[INFO] [stdout] error[E0433]: failed to resolve: use of undeclared crate or module `cw20_base`
[INFO] [stdout]    --> src/mock/core.rs:421:24
[INFO] [stdout]     |
[INFO] [stdout] 421 |         let init_msg = cw20_base::msg::InstantiateMsg {
[INFO] [stdout]     |                        ^^^^^^^^^ use of undeclared crate or module `cw20_base`
[INFO] [stdout] 
[INFO] [stdout] 
[INFO] [stdout] error[E0433]: failed to resolve: use of undeclared crate or module `cw20_base`
[INFO] [stdout]    --> src/mock/core.rs:437:18
[INFO] [stdout]     |
[INFO] [stdout] 437 |                 &cw20_base::msg::ExecuteMsg::Mint {
[INFO] [stdout]     |                  ^^^^^^^^^ use of undeclared crate or module `cw20_base`
[INFO] [stdout] 
[INFO] [stdout] 
[INFO] [stdout] error[E0433]: failed to resolve: use of undeclared crate or module `cw20_base`
[INFO] [stdout]    --> src/mock/core.rs:452:18
[INFO] [stdout]     |
[INFO] [stdout] 452 |                 &cw20_base::msg::QueryMsg::Balance {
[INFO] [stdout]     |                  ^^^^^^^^^ use of undeclared crate or module `cw20_base`
[INFO] [stdout] 
[INFO] [stdout] 
[INFO] [stdout] error[E0433]: failed to resolve: use of undeclared crate or module `cw20_base`
[INFO] [stdout]    --> src/mock/core.rs:451:22
[INFO] [stdout]     |
[INFO] [stdout] 451 |             .query::<cw20_base::msg::QueryMsg, Response>(
[INFO] [stdout]     |                      ^^^^^^^^^ use of undeclared crate or module `cw20_base`
[INFO] [stdout] 
[INFO] [stdout] 
[INFO] [stdout] error[E0433]: failed to resolve: use of undeclared crate or module `cw20_base`
[INFO] [stdout]    --> src/mock/core.rs:463:44
[INFO] [stdout]     |
[INFO] [stdout] 463 |         let migration_res = chain.migrate(&cw20_base::msg::MigrateMsg {}, 1, &contract_address);
[INFO] [stdout]     |                                            ^^^^^^^^^ use of undeclared crate or module `cw20_base`
[INFO] [stdout] 
[INFO] [stdout] 
[INFO] [stdout] error[E0433]: failed to resolve: use of undeclared crate or module `cw20`
[INFO] [stdout]    --> src/mock/core.rs:366:14
[INFO] [stdout]     |
[INFO] [stdout] 366 |         msg: cw20::Cw20ExecuteMsg,
[INFO] [stdout]     |              ^^^^ use of undeclared crate or module `cw20`
[INFO] [stdout] 
[INFO] [stdout] 
[INFO] [stdout] error[E0433]: failed to resolve: use of undeclared crate or module `cw20_base`
[INFO] [stdout]    --> src/mock/core.rs:367:27
[INFO] [stdout]     |
[INFO] [stdout] 367 |     ) -> Result<Response, cw20_base::ContractError> {
[INFO] [stdout]     |                           ^^^^^^^^^ use of undeclared crate or module `cw20_base`
[INFO] [stdout] 
[INFO] [stdout] 
[INFO] [stdout] error: aborting due to 12 previous errors
[INFO] [stdout] 
[INFO] [stdout] 
[INFO] [stdout] For more information about this error, try `rustc --explain E0433`.
[INFO] [stdout] 
[INFO] [stderr] error: could not compile `cw-orch` (lib test) due to 13 previous errors
[INFO] [stderr] warning: build failed, waiting for other jobs to finish...
[INFO] [stdout] error[E0433]: failed to resolve: use of undeclared crate or module `counter_contract`
[INFO] [stdout]  --> examples/mock_test.rs:3:5
[INFO] [stdout]   |
[INFO] [stdout] 3 | use counter_contract::{
[INFO] [stdout]   |     ^^^^^^^^^^^^^^^^ use of undeclared crate or module `counter_contract`
[INFO] [stdout] 
[INFO] [stdout] 
[INFO] [stdout] warning: unused import: `CwOrcUpload`
[INFO] [stdout]  --> examples/mock_test.rs:7:68
[INFO] [stdout]   |
[INFO] [stdout] 7 | use cw_orch::prelude::{CwOrcExecute, CwOrcInstantiate, CwOrcQuery, CwOrcUpload, Mock};
[INFO] [stdout]   |                                                                    ^^^^^^^^^^^
[INFO] [stdout]   |
[INFO] [stdout]   = note: `#[warn(unused_imports)]` on by default
[INFO] [stdout] 
[INFO] [stdout] 
[INFO] [stdout] warning: unused import: `CwOrcInstantiate`
[INFO] [stdout]  --> examples/mock_test.rs:7:38
[INFO] [stdout]   |
[INFO] [stdout] 7 | use cw_orch::prelude::{CwOrcExecute, CwOrcInstantiate, CwOrcQuery, CwOrcUpload, Mock};
[INFO] [stdout]   |                                      ^^^^^^^^^^^^^^^^
[INFO] [stdout] 
[INFO] [stdout] 
[INFO] [stdout] warning: unused import: `CwOrcExecute`
[INFO] [stdout]  --> examples/mock_test.rs:7:24
[INFO] [stdout]   |
[INFO] [stdout] 7 | use cw_orch::prelude::{CwOrcExecute, CwOrcInstantiate, CwOrcQuery, CwOrcUpload, Mock};
[INFO] [stdout]   |                        ^^^^^^^^^^^^
[INFO] [stdout] 
[INFO] [stdout] 
[INFO] [stdout] warning: unused import: `CwOrcQuery`
[INFO] [stdout]  --> examples/mock_test.rs:7:56
[INFO] [stdout]   |
[INFO] [stdout] 7 | use cw_orch::prelude::{CwOrcExecute, CwOrcInstantiate, CwOrcQuery, CwOrcUpload, Mock};
[INFO] [stdout]   |                                                        ^^^^^^^^^^
[INFO] [stdout] 
[INFO] [stdout] 
[INFO] [stdout] error[E0432]: unresolved import `cw_orch::daemon`
[INFO] [stdout]  --> tests/interface_macro_generics.rs:1:15
[INFO] [stdout]   |
[INFO] [stdout] 1 | use cw_orch::{daemon::Daemon, environment::CwEnv, interface, prelude::*};
[INFO] [stdout]   |               ^^^^^^ could not find `daemon` in `cw_orch`
[INFO] [stdout] 
[INFO] [stdout] 
[INFO] [stdout] error[E0432]: unresolved import `mock_contract`
[INFO] [stdout]  --> tests/interface_macro_generics.rs:2:5
[INFO] [stdout]   |
[INFO] [stdout] 2 | use mock_contract::{ExecuteMsg, InstantiateMsg, MigrateMsg, QueryMsg};
[INFO] [stdout]   |     ^^^^^^^^^^^^^ use of undeclared crate or module `mock_contract`
[INFO] [stdout] 
[INFO] [stdout] 
[INFO] [stdout] error[E0432]: unresolved import `mock_contract`
[INFO] [stdout]  --> tests/entry_point_macro.rs:1:5
[INFO] [stdout]   |
[INFO] [stdout] 1 | use mock_contract::{ExecuteMsg, InstantiateMsg, MigrateMsg, MockContract, QueryMsg};
[INFO] [stdout]   |     ^^^^^^^^^^^^^ use of undeclared crate or module `mock_contract`
[INFO] [stdout] 
[INFO] [stdout] 
[INFO] [stdout] error: aborting due to previous error; 4 warnings emitted
[INFO] [stdout] 
[INFO] [stdout] 
[INFO] [stdout] For more information about this error, try `rustc --explain E0433`.
[INFO] [stdout] 
[INFO] [stdout] error[E0432]: unresolved import `mock_contract`
[INFO] [stdout]  --> tests/fns_macro.rs:1:5
[INFO] [stdout]   |
[INFO] [stdout] 1 | use mock_contract::{ExecuteMsgFns, InstantiateMsg, MockContract, QueryMsgFns};
[INFO] [stdout]   |     ^^^^^^^^^^^^^ use of undeclared crate or module `mock_contract`
[INFO] [stdout] 
[INFO] [stdout] 
[INFO] [stderr] error: could not compile `cw-orch` (example "mock_test") due to 2 previous errors; 4 warnings emitted
[INFO] [stdout] warning: unused import: `cw_orch::prelude::CwOrcUpload`
[INFO] [stdout]  --> tests/entry_point_macro.rs:6:5
[INFO] [stdout]   |
[INFO] [stdout] 6 | use cw_orch::prelude::CwOrcUpload;
[INFO] [stdout]   |     ^^^^^^^^^^^^^^^^^^^^^^^^^^^^^
[INFO] [stdout]   |
[INFO] [stdout]   = note: `#[warn(unused_imports)]` on by default
[INFO] [stdout] 
[INFO] [stdout] 
[INFO] [stdout] warning: unused import: `CwOrcInstantiate`
[INFO] [stdout]  --> tests/entry_point_macro.rs:9:24
[INFO] [stdout]   |
[INFO] [stdout] 9 | use cw_orch::prelude::{CwOrcInstantiate, Mock};
[INFO] [stdout]   |                        ^^^^^^^^^^^^^^^^
[INFO] [stdout] 
[INFO] [stdout] 
[INFO] [stdout] warning: unused import: `CwOrcExecute`
[INFO] [stdout]  --> tests/entry_point_macro.rs:4:42
[INFO] [stdout]   |
[INFO] [stdout] 4 | use cw_orch::prelude::{ContractInstance, CwOrcExecute, CwOrcMigrate, CwOrcQuery};
[INFO] [stdout]   |                                          ^^^^^^^^^^^^
[INFO] [stdout] 
[INFO] [stdout] 
[INFO] [stdout] warning: unused import: `CwOrcQuery`
[INFO] [stdout]  --> tests/entry_point_macro.rs:4:70
[INFO] [stdout]   |
[INFO] [stdout] 4 | use cw_orch::prelude::{ContractInstance, CwOrcExecute, CwOrcMigrate, CwOrcQuery};
[INFO] [stdout]   |                                                                      ^^^^^^^^^^
[INFO] [stdout] 
[INFO] [stdout] 
[INFO] [stdout] warning: unused import: `CwOrcMigrate`
[INFO] [stdout]  --> tests/entry_point_macro.rs:4:56
[INFO] [stdout]   |
[INFO] [stdout] 4 | use cw_orch::prelude::{ContractInstance, CwOrcExecute, CwOrcMigrate, CwOrcQuery};
[INFO] [stdout]   |                                                        ^^^^^^^^^^^^
[INFO] [stdout] 
[INFO] [stdout] 
[INFO] [stdout] warning: unused import: `ContractInstance`
[INFO] [stdout]  --> tests/entry_point_macro.rs:4:24
[INFO] [stdout]   |
[INFO] [stdout] 4 | use cw_orch::prelude::{ContractInstance, CwOrcExecute, CwOrcMigrate, CwOrcQuery};
[INFO] [stdout]   |                        ^^^^^^^^^^^^^^^^
[INFO] [stdout] 
[INFO] [stdout] 
[INFO] [stdout] error: aborting due to previous error; 6 warnings emitted
[INFO] [stdout] 
[INFO] [stdout] 
[INFO] [stdout] For more information about this error, try `rustc --explain E0432`.
[INFO] [stdout] 
[INFO] [stdout] warning: unused import: `cw_orch::prelude::CwOrcUpload`
[INFO] [stdout]  --> tests/fns_macro.rs:5:5
[INFO] [stdout]   |
[INFO] [stdout] 5 | use cw_orch::prelude::CwOrcUpload;
[INFO] [stdout]   |     ^^^^^^^^^^^^^^^^^^^^^^^^^^^^^
[INFO] [stdout]   |
[INFO] [stdout]   = note: `#[warn(unused_imports)]` on by default
[INFO] [stdout] 
[INFO] [stdout] 
[INFO] [stdout] warning: unused import: `CwOrcInstantiate`
[INFO] [stdout]  --> tests/fns_macro.rs:8:24
[INFO] [stdout]   |
[INFO] [stdout] 8 | use cw_orch::prelude::{CwOrcInstantiate, Mock};
[INFO] [stdout]   |                        ^^^^^^^^^^^^^^^^
[INFO] [stdout] 
[INFO] [stdout] 
[INFO] [stdout] error: aborting due to previous error; 2 warnings emitted
[INFO] [stdout] 
[INFO] [stdout] 
[INFO] [stdout] For more information about this error, try `rustc --explain E0432`.
[INFO] [stdout] 
[INFO] [stderr] error: could not compile `cw-orch` (test "entry_point_macro") due to 2 previous errors; 6 warnings emitted
[INFO] [stderr] error: could not compile `cw-orch` (test "fns_macro") due to 2 previous errors; 2 warnings emitted
[INFO] [stdout] error[E0432]: unresolved import `cw_orch::prelude::Daemon`
[INFO] [stdout]   --> tests/interface_macro.rs:13:5
[INFO] [stdout]    |
[INFO] [stdout] 13 |     Daemon, Mock,
[INFO] [stdout]    |     ^^^^^^ no `Daemon` in `prelude`
[INFO] [stdout] 
[INFO] [stdout] 
[INFO] [stdout] error[E0432]: unresolved import `mock_contract`
[INFO] [stdout]  --> tests/interface_macro.rs:8:5
[INFO] [stdout]   |
[INFO] [stdout] 8 | use mock_contract::{ExecuteMsg, InstantiateMsg, MigrateMsg, QueryMsg};
[INFO] [stdout]   |     ^^^^^^^^^^^^^ use of undeclared crate or module `mock_contract`
[INFO] [stdout] 
[INFO] [stdout] 
[INFO] [stdout] error[E0433]: failed to resolve: use of undeclared crate or module `mock_contract_u64`
[INFO] [stdout]   --> tests/interface_macro_generics.rs:25:17
[INFO] [stdout]    |
[INFO] [stdout] 25 |                 mock_contract_u64::execute,
[INFO] [stdout]    |                 ^^^^^^^^^^^^^^^^^ use of undeclared crate or module `mock_contract_u64`
[INFO] [stdout] 
[INFO] [stdout] 
[INFO] [stdout] error[E0433]: failed to resolve: use of undeclared crate or module `mock_contract_u64`
[INFO] [stdout]   --> tests/interface_macro_generics.rs:26:17
[INFO] [stdout]    |
[INFO] [stdout] 26 |                 mock_contract_u64::instantiate,
[INFO] [stdout]    |                 ^^^^^^^^^^^^^^^^^ use of undeclared crate or module `mock_contract_u64`
[INFO] [stdout] 
[INFO] [stdout] 
[INFO] [stdout] error[E0433]: failed to resolve: use of undeclared crate or module `mock_contract_u64`
[INFO] [stdout]   --> tests/interface_macro_generics.rs:27:17
[INFO] [stdout]    |
[INFO] [stdout] 27 |                 mock_contract_u64::query,
[INFO] [stdout]    |                 ^^^^^^^^^^^^^^^^^ use of undeclared crate or module `mock_contract_u64`
[INFO] [stdout] 
[INFO] [stdout] 
[INFO] [stdout] error[E0433]: failed to resolve: use of undeclared crate or module `mock_contract`
[INFO] [stdout]   --> tests/interface_macro_generics.rs:29:27
[INFO] [stdout]    |
[INFO] [stdout] 29 |             .with_migrate(mock_contract::migrate),
[INFO] [stdout]    |                           ^^^^^^^^^^^^^
[INFO] [stdout]    |                           |
[INFO] [stdout]    |                           use of undeclared crate or module `mock_contract`
[INFO] [stdout]    |                           help: a struct with a similar name exists: `MockContract`
[INFO] [stdout] 
[INFO] [stdout] 
[INFO] [stdout] error: aborting due to 6 previous errors
[INFO] [stdout] 
[INFO] [stdout] 
[INFO] [stdout] Some errors have detailed explanations: E0432, E0433.
[INFO] [stdout] 
[INFO] [stdout] For more information about an error, try `rustc --explain E0432`.
[INFO] [stdout] 
[INFO] [stdout] error[E0433]: failed to resolve: use of undeclared crate or module `mock_contract`
[INFO] [stdout]   --> tests/interface_macro.rs:34:17
[INFO] [stdout]    |
[INFO] [stdout] 34 |                 mock_contract::execute,
[INFO] [stdout]    |                 ^^^^^^^^^^^^^
[INFO] [stdout]    |                 |
[INFO] [stdout]    |                 use of undeclared crate or module `mock_contract`
[INFO] [stdout]    |                 help: a struct with a similar name exists: `MockContract`
[INFO] [stdout] 
[INFO] [stdout] 
[INFO] [stdout] error[E0433]: failed to resolve: use of undeclared crate or module `mock_contract`
[INFO] [stdout]   --> tests/interface_macro.rs:35:17
[INFO] [stdout]    |
[INFO] [stdout] 35 |                 mock_contract::instantiate,
[INFO] [stdout]    |                 ^^^^^^^^^^^^^
[INFO] [stdout]    |                 |
[INFO] [stdout]    |                 use of undeclared crate or module `mock_contract`
[INFO] [stdout]    |                 help: a struct with a similar name exists: `MockContract`
[INFO] [stdout] 
[INFO] [stdout] 
[INFO] [stdout] error[E0433]: failed to resolve: use of undeclared crate or module `mock_contract`
[INFO] [stdout]   --> tests/interface_macro.rs:36:17
[INFO] [stdout]    |
[INFO] [stdout] 36 |                 mock_contract::query,
[INFO] [stdout]    |                 ^^^^^^^^^^^^^
[INFO] [stdout]    |                 |
[INFO] [stdout]    |                 use of undeclared crate or module `mock_contract`
[INFO] [stdout]    |                 help: a struct with a similar name exists: `MockContract`
[INFO] [stdout] 
[INFO] [stdout] 
[INFO] [stdout] error[E0433]: failed to resolve: use of undeclared crate or module `mock_contract`
[INFO] [stdout]   --> tests/interface_macro.rs:38:27
[INFO] [stdout]    |
[INFO] [stdout] 38 |             .with_migrate(mock_contract::migrate),
[INFO] [stdout]    |                           ^^^^^^^^^^^^^
[INFO] [stdout]    |                           |
[INFO] [stdout]    |                           use of undeclared crate or module `mock_contract`
[INFO] [stdout]    |                           help: a struct with a similar name exists: `MockContract`
[INFO] [stdout] 
[INFO] [stdout] 
[INFO] [stderr] error: could not compile `cw-orch` (test "interface_macro_generics") due to 7 previous errors
[INFO] [stdout] error: aborting due to 6 previous errors
[INFO] [stdout] 
[INFO] [stdout] 
[INFO] [stdout] Some errors have detailed explanations: E0432, E0433.
[INFO] [stdout] 
[INFO] [stdout] For more information about an error, try `rustc --explain E0432`.
[INFO] [stdout] 
[INFO] [stderr] error: could not compile `cw-orch` (test "interface_macro") due to 7 previous errors
[INFO] running `Command { std: "docker" "inspect" "da7af4ebca4200649496abf5eddb8db21569bbf63d313fec624775d854ce9bea", kill_on_drop: false }`
[INFO] running `Command { std: "docker" "rm" "-f" "da7af4ebca4200649496abf5eddb8db21569bbf63d313fec624775d854ce9bea", kill_on_drop: false }`
[INFO] [stdout] da7af4ebca4200649496abf5eddb8db21569bbf63d313fec624775d854ce9bea
